te the remainder when 30 is divided by u.
14
What is the remainder when ((-18)/(-15))/(2/180) is divided by 28?
24
Let n be (-2)/(-3) - 51/9. Let k be 6*n/(5/2). What is the remainder when 4 is divided by ((-1)/2)/(2/k)?
1
Suppose 0 = 4*o - 38 + 10. Let k = -28 + 41. What is the remainder when k is divided by o?
6
Calculate the remainder when 13/(-65) + (-111)/(-5) is divided by 9.
4
Suppose -21 - 4 = 5*d. Let v(f) = f + 2. Let b be v(d). Let n(u) = 2*u**2 + 2*u. What is the remainder when 23 is divided by n(b)?
11
Suppose 0 = 5*c - 2*c - 3, 4*c - 164 = -4*f. Calculate the remainder when f is divided by (7/(-2))/(1/(-4)).
12
Let u = -9 - -13. Suppose -u*r + 58 = -114. What is the remainder when r is divided by 17 - 0 - (-4)/(-2)?
13
Let g(s) = s + 11. Calculate the remainder when 43 is divided by g(0).
10
Suppose -14 = -u + 2*u - 2*h, 0 = 5*u - 5*h + 45. Calculate the remainder when 2 is divided by ((-4)/7)/(u/14).
0
Let g(l) = l + 6. Let v be g(0). Let c be 4/v + (-12)/(-9). What is the remainder when 2 is divided by 1/((-1 + c)*1)?
0
Calculate the remainder when 13 is divided by 7*((-2)/(-3))/((-34)/(-51)).
6
Suppose 0 = 5*v - 3*v - 96. Suppose 4*q - y - 61 - 12 = 0, 3*y + v = 3*q. Calculate the remainder when 37 is divided by q.
18
Let n = -11 + 16. Suppose -3 = n*m - 38. What is the remainder when 27 is divided by m?
6
Suppose 22 = 8*g - 6*g. Calculate the remainder when g is divided by 5.
1
Let x(z) = -7*z + 1. Let c = -4 - -3. Let u be x(c). Suppose 0 = -b - 0 + u. Calculate the remainder when 22 is divided by b.
6
Suppose 2*v + 22 = -3*l + l, -3*l = -v + 1. Let z = 1 + 1. What is the remainder when z is divided by v/12*(-9)/3?
0
Let d be -1*2/(-6)*9. Suppose 0 = d*u - 7*u + 80. Calculate the remainder when 39 is divided by u.
19
Suppose 0 = -3*u + 4 + 119. Let i = u - 22. Suppose 6*l - 12 = 48. What is the remainder when i is divided by l?
9
Let c = -3 - -8. Let z(l) = l - 4. Let q be z(c). Let f = 4 - q. What is the remainder when f is divided by 2?
1
Suppose -3*p + 0*y + y + 71 = 0, 3*p + 4*y = 91. Calculate the remainder when 61 is divided by p.
11
Let u(a) = a**3 + 6*a**2 + 4*a + 3. Calculate the remainder when 29 is divided by u(-5).
5
Let v(i) be the third derivative of i**5/60 - i**4/4 + 3*i**3/2 + 4*i**2. What is the remainder when 48 is divided by v(8)?
23
Let x(a) = 2*a**3 + 2*a**2 - 2. Let h(r) = -3*r**3 - r**2 + 1. Let j(l) = -3*h(l) - 2*x(l). What is the remainder when j(2) is divided by 13?
11
What is the remainder when 28 is divided by 9 + 1/5*5?
8
Let u(j) = 2*j - 2. Let t be u(6). Let p = t - -6. Suppose -4*y = -2*y - 12. What is the remainder when p is divided by y?
4
What is the remainder when 2/3 + (-14)/(-6) is divided by 3?
0
Suppose -2*b + 3*b - 176 = 0. Suppose 4*g - 5*i - 190 = 0, 0*g + b = 4*g + 2*i. What is the remainder when g is divided by 8?
5
Suppose 4*k = -52 + 4. Let q be ((-8)/k)/((-2)/(-3)). Suppose -o + 14 = -q. Calculate the remainder when 43 is divided by o.
13
Suppose -5*t + 236 = -t. What is the remainder when t is divided by 15?
14
Let p = 13 + -13. Suppose -w - 1 = -p, 215 = 4*c + w. Calculate the remainder when c is divided by 19.
16
Let q(f) = 3*f - 2. Let p be q(4). Suppose -6 = -2*w + 8. What is the remainder when (p/2)/((-3)/(-12)) is divided by w?
6
Suppose -18 = -5*f - 3. Suppose f*k - 60 = k. Calculate the remainder when k is divided by 16.
14
Let q(v) = v**2 + 8*v + 9. Calculate the remainder when 35 is divided by q(-8).
8
Suppose 4*k + 4*s = -24, s - 3*s + 12 = -2*k. Let i(p) = p**3 + 6*p**2 - 5*p - 5. What is the remainder when i(k) is divided by 7?
4
Let v = 169 - 113. Calculate the remainder when v is divided by (-1*2 - 17)*-1.
18
Let d be (-1 - -1) + 4/2. Suppose 0*p + d*p - 30 = 0. Calculate the remainder when 27 is divided by p.
12
Suppose -4*h - 5*k + 43 = 0, -13 - 16 = -2*h + 5*k. Calculate the remainder when 34 is divided by h.
10
Let n(c) = 8*c + 14. Let m be n(-10). Let f be (-1)/2*(-22 + 0). Calculate the remainder when (-2)/f - 1596/m is divided by 13.
11
Calculate the remainder when 9/(-3) - (-57 + 1) is divided by 14.
11
Let n be 150*(-3)/((-9)/(-20)). Let w be n/(-6) + (-1)/(-3). Suppose 4*k - w = -15. Calculate the remainder when k is divided by 13.
12
Let y(q) = 6*q**3 - 4*q**2 - 4*q - 4. Calculate the remainder when y(3) is divided by 29.
23
Let h(s) = s**3 - 7*s**2 + 3*s + 2. Let v be h(7). Suppose 6*x = 133 + v. What is the remainder when x is divided by 9?
8
Suppose 0 = -4*c - 2*h + 2, 8 = -3*c + 5*h + 3. Suppose c = -2*j + 3*j - 9. Calculate the remainder when 80/6*12/10 is divided by j.
7
Suppose t - 3*r + 23 = 2*r, -2*t = 2*r + 10. Let w(m) = -m**2 - 10*m + 10. What is the remainder when w(t) is divided by 9?
8
Let x(g) = 2*g - 1. Calculate the remainder when x(13) is divided by 14.
11
Suppose -7 = -2*f - 3. What is the remainder when (-2)/(16/(-7) - -2) is divided by f?
1
Let w(n) = 2*n**2 + 2*n + 2. Let t = 3 - 5. Calculate the remainder when 23 is divided by w(t).
5
Let l(o) = o**2 + 2*o - 2. Let s be l(5). Let i = 59 - s. Suppose 2*p - 4*p = -i. What is the remainder when p is divided by 7?
6
Let g(k) = -k**2 - 7*k - 5. Suppose -u + 2*a = 4*u + 39, -2 = -a. Let s be g(u). Let o = -1 - s. What is the remainder when 11 is divided by o?
3
Let y = -9 + 13. What is the remainder when 11 is divided by y?
3
Calculate the remainder when ((-2)/(-5))/((-1)/(-205)) is divided by 21.
19
Suppose 2*l - 3 = -1. Suppose 2*o - 9 = -l. Suppose o*y - 2*y = 48. Calculate the remainder when y is divided by 13.
11
Let r = -25 - -38. Let z = -9 + 14. Calculate the remainder when r is divided by z.
3
What is the remainder when 2*((-12)/24 - (-4 + -1)) is divided by (-2)/(-9) - (-25)/9?
0
Suppose -12 = w - 16. Suppose 0 = -3*y - 3*x + 60, -1 = -y - w*x + 22. Let g = -57 + 93. Calculate the remainder when g is divided by y.
17
Let k(w) = w + 24. Let t(v) = -v**2 + 9*v - 8. Let p be t(8). Calculate the remainder when 46 is divided by k(p).
22
Calculate the remainder when (1 - 3)*81/(-6) is divided by 15.
12
Let p = 208 - 143. Suppose v - 5*v = b - 71, -b - 31 = -2*v. What is the remainder when p is divided by v?
14
Let m(v) = -v + 18. Let k(y) = 2*y + 1. Calculate the remainder when m(6) is divided by k(2).
2
Calculate the remainder when 127 is divided by 786/30 + 1/(-5).
23
Let a = 29 - 10. Suppose 6*m = 4*m + 22. What is the remainder when a is divided by m?
8
Let i(y) = y**3 - 4*y**2. Let w(l) = 3*l + 4. Let p be w(-5). Let r = p - -16. Calculate the remainder when 73 is divided by i(r).
23
Suppose 4*x - 5*x + 3 = 0. Suppose -4*z + 260 = -4*j, 3*z + z - x*j - 261 = 0. What is the remainder when z is divided by 23?
20
Suppose j + 5*b + 11 = 0, 4*b + 17 = 2*j - 3. What is the remainder when 19 is divided by j?
3
Suppose l = 3*l - 18. Calculate the remainder when (18/l)/((-1)/(-19)) is divided by (40/(-6))/((-2)/6).
18
Suppose -5*k - 7 = -47. Suppose 18*a - 5*a = 195. What is the remainder when a is divided by k?
7
Suppose -5*k + 15 = 0, 2*n - 12 - 5 = -3*k. Suppose n*y + 0*y = 0. Suppose y = -4*m + m + 6. What is the remainder when 4 is divided by m?
0
Suppose 2 = r + 3. Let i be ((-16)/(-12))/(r/(-3)). Calculate the remainder when 19 is divided by i + (-5)/(5/(-3)).
5
Suppose 0 = 10*b - 16 + 6. Let j(p) = p + 10. Let a be j(-6). Calculate the remainder when 25 is divided by b - (-3 + 1)*a.
7
Suppose 22 + 3 = 5*m. Let i(d) = -d + 2. What is the remainder when i(-6) is divided by m?
3
Let q(f) = -f**3 + 9*f**2 - 2*f + 9. Calculate the remainder when q(8) is divided by 10.
7
Suppose 0 = 3*b - 5*b - 3*z + 46, z = 3*b - 47. Let w = -12 + b. Let n(h) = 4*h + 8. What is the remainder when n(0) is divided by w?
3
Let i(o) be the third derivative of o**5/30 - 5*o**4/24 + o**3 - o**2. What is the remainder when 61 is divided by i(5)?
30
Let t = 7 + 6. Calculate the remainder when 103 is divided by t.
12
Let f(a) = 4*a**2 - 3*a + 2. Let d be f(2). Let q = d - 7. Calculate the remainder when 9 is divided by q.
4
Suppose 5*k + m - 261 = 0, -m = 3*k - 2*k - 49. What is the remainder when k is divided by 14?
11
Let x be 4/(-14) + (-75)/7. Let g(b) = -b**3 - 10*b**2 + 12*b + 13. Let r be g(x). Suppose z = r*z - 2. Calculate the remainder when 2 is divided by z.
0
Suppose 0 = 7*h + h - 680. Ca